{"version":"1.0","provider_name":"V\u00e9lem\u00e9ny. Szubjekt\u00edv.","provider_url":"https:\/\/pinkpitbull.cafeblog.hu","author_name":"LadyEdna","author_url":"https:\/\/pinkpitbull.cafeblog.hu\/author\/LadyEdna-2-2-2\/","title":"David Cameron \u00e9s a divat","html":"<p style=\"text-align: justify\">David Cameron, a britek minisztereln\u00f6ke a napokban akk\u00e9nt nyilatkozott, hogy nagyon fontos r\u00e9sz\u00e9nek tartja a brit gazdas\u00e1gnak a divatot. Mint mondta, b\u00e1r egy designerrel kel \u00e9s fekszik (feles\u00e9ge, Samantha Cameron a Smythson \u00e1ruh\u00e1zat vir\u00e1goztatta fel), mind\u00f6ssze annyit tud mag\u00e1r\u00f3l a divatr\u00f3l, hogy feh\u00e9r zoknit nem illik fekete cip\u0151vel felvenni, f\u0151leg nem \u00fcnnepeken, ennek ellen\u00e9re bel\u00e1tja, hogy egy vir\u00e1gz\u00f3 gazdas\u00e1gnak igenis r\u00e9sz\u00e9t kell k\u00e9pezze az.<\/p>\r\n<p style=\"text-align: justify\">Nekem roppant szimpatikus az eff\u00e9le k\u00f6zvetlens\u00e9g, \u00e9s az is, hogy bel\u00e1tta azt, amit sok m\u00e1s orsz\u00e1gnak is be k\u00e9ne: hogy a divat igenis fontos r\u00e9sze a mai kult\u00far\u00e1nak, legal\u00e1bb annyira, mint amennyire r\u00e9gen volt, \u00e9s hogy nem csup\u00e1n arr\u00f3l van sz\u00f3, hogy ki milyen ruh\u00e1t vesz fel, \u00e9s hogy beleillik-e az \u00e9ppen uralkod\u00f3 k\u00f6z\u00edzl\u00e9s \u00e1ltal dikt\u00e1lt ide\u00e1kba, hanem arr\u00f3l is, hogy tisztelj\u00fck az egy\u00e9nt, \u00e9s adjuk meg neki a lehet\u0151s\u00e9get arra, hogy olyan megjelen\u00e9st kre\u00e1lhasson mag\u00e1nak, ami t\u00f6k\u00e9letesen passzol hozz\u00e1.<\/p>\r\n<p style=\"text-align: justify\"><a href=\"https:\/\/pinkpitbull.cafeblog.hu\/files\/2013\/01\/dcameron_djones_v_8jan13_pr_b_426x639.jpg\"><img class=\"aligncenter size-full wp-image-4920001\" src=\"https:\/\/pinkpitbull.cafeblog.hu\/files\/2013\/01\/dcameron_djones_v_8jan13_pr_b_426x639.jpg\" alt=\"\" width=\"426\" height=\"639\" \/><\/a><\/p>","type":"rich"}

Vélemény. Szubjektív.

David Cameron és a divat

<p style="text-align: justify">David Cameron, a britek miniszterelnöke a napokban akként nyilatkozott, hogy nagyon fontos részének tartja a brit gazdaságnak a divatot. Mint mondta, bár egy designerrel kel és fekszik (felesége, Samantha Cameron a Smythson áruházat virágoztatta fel), mindössze annyit tud magáról a divatról, hogy fehér zoknit nem illik fekete cipővel felvenni, főleg nem ünnepeken, ennek ellenére belátja, hogy egy virágzó gazdaságnak igenis részét kell képezze az.</p>
<p style="text-align: justify">Nekem roppant szimpatikus az efféle közvetlenség, és az is, hogy belátta azt, amit sok más országnak is be kéne: hogy a divat igenis fontos része a mai kultúrának, legalább annyira, mint amennyire régen volt, és hogy nem csupán arról van szó, hogy ki milyen ruhát vesz fel, és hogy beleillik-e az éppen uralkodó közízlés által diktált ideákba, hanem arról is, hogy tiszteljük az egyént, és adjuk meg neki a lehetőséget arra, hogy olyan megjelenést kreálhasson magának, ami tökéletesen passzol hozzá.</p>
<p style="text-align: justify"><a href="https://pinkpitbull.cafeblog.hu/files/2013/01/dcameron_djones_v_8jan13_pr_b_426x639.jpg"><img class="aligncenter size-full wp-image-4920001" src="https://pinkpitbull.cafeblog.hu/files/2013/01/dcameron_djones_v_8jan13_pr_b_426x639.jpg" alt="" width="426" height="639" /></a></p>
