{"version":"1.0","provider_name":"V\u00e9lem\u00e9ny. Szubjekt\u00edv.","provider_url":"https:\/\/pinkpitbull.cafeblog.hu","author_name":"LadyEdna","author_url":"https:\/\/pinkpitbull.cafeblog.hu\/author\/LadyEdna-2-2-2\/","title":"Farmer","html":"<p style=\"text-align: justify\">A Harper's Bazaar vette a f\u00e1radts\u00e1got, \u00e9s \u00f6ssze\u00e1ll\u00edtotta nek\u00fcnk, hogy melyik \u00e9letkorban, milyen \u00f6ssze\u00e1ll\u00edt\u00e1sban hordjuk a farmert. Szerintem mindegyik \u00f6ssze\u00e1ll\u00edt\u00e1s olyan, hogy b\u00e1rmikor lehet hordani, sz\u00f3val ezek ink\u00e1bb csak ir\u00e1nyt mutatnak.<\/p>\r\n<p style=\"text-align: justify\"><a href=\"http:\/\/www.harpersbazaar.com\/fashion\/fabulous-fashion\/fabulous-at-every-age-spring-denim?src=nl&amp;mag=har&amp;list=nl_hnl_fsh_non_041212_spring-denim&amp;kw=ist#slide-1\">http:\/\/www.harpersbazaar.com\/fashion\/fabulous-fashion\/fabulous-at-every-age-spring-denim?src=nl&amp;mag=har&amp;list=nl_hnl_fsh_non_041212_spring-denim&amp;kw=ist#slide-1<\/a><\/p>\r\n<img class=\"imgnotext aligncenter\" style=\"margin-left: auto;margin-right: auto\" src=\"https:\/\/pinkpitbull.cafeblog.hu\/files\/2012\/04\/hbz-blogcomp-grid-20s-0320-lgn.jpg\" alt=\"hbz-blogcomp-grid-20s-0320-lgn.jpg\" \/>","type":"rich"}

Vélemény. Szubjektív.

<p style="text-align: justify">A Harper's Bazaar vette a fáradtságot, és összeállította nekünk, hogy melyik életkorban, milyen összeállításban hordjuk a farmert. Szerintem mindegyik összeállítás olyan, hogy bármikor lehet hordani, szóval ezek inkább csak irányt mutatnak.</p>
<p style="text-align: justify"><a href="http://www.harpersbazaar.com/fashion/fabulous-fashion/fabulous-at-every-age-spring-denim?src=nl&amp;mag=har&amp;list=nl_hnl_fsh_non_041212_spring-denim&amp;kw=ist#slide-1">http://www.harpersbazaar.com/fashion/fabulous-fashion/fabulous-at-every-age-spring-denim?src=nl&amp;mag=har&amp;list=nl_hnl_fsh_non_041212_spring-denim&amp;kw=ist#slide-1</a></p>
<img class="imgnotext aligncenter" style="margin-left: auto;margin-right: auto" src="https://pinkpitbull.cafeblog.hu/files/2012/04/hbz-blogcomp-grid-20s-0320-lgn.jpg" alt="hbz-blogcomp-grid-20s-0320-lgn.jpg" />
